{"id":7,"date":"2019-04-24T16:57:35","date_gmt":"2019-04-24T16:57:35","guid":{"rendered":"http:\/\/localhost\/alpins\/?page_id=7"},"modified":"2022-04-17T16:52:26","modified_gmt":"2022-04-17T16:52:26","slug":"blog","status":"publish","type":"page","link":"https:\/\/hpdklek.hr\/hpd\/?page_id=7","title":{"rendered":"Oko Kleka \u010cAROBNOGA"},"content":{"rendered":"<p>{&#8220;main-title&#8221;:{&#8220;component&#8221;:&#8221;hc_title&#8221;,&#8221;id&#8221;:&#8221;main-title&#8221;,&#8221;title&#8221;:&#8221;&#8221;,&#8221;subtitle&#8221;:&#8221;Toliko od mene o \u010darobnom Kleku, do\u0111ite i do\u017eivite bar trun od svega!&#8221;,&#8221;title_content&#8221;:{&#8220;component&#8221;:&#8221;hc_title_image&#8221;,&#8221;id&#8221;:&#8221;title-image&#8221;,&#8221;image&#8221;:&#8221;https:\/\/hpdklek.hr\/hpd\/wp-content\/uploads\/2020\/12\/20190126_141950-1024&#215;768.jpg|1920|2560|990101262&#8243;,&#8221;full_screen&#8221;:false,&#8221;full_screen_height&#8221;:&#8221;&#8221;,&#8221;parallax&#8221;:false,&#8221;bleed&#8221;:&#8221;&#8221;,&#8221;ken_burn&#8221;:&#8221;ken-burn-center&#8221;,&#8221;breadcrumbs&#8221;:true,&#8221;light&#8221;:true,&#8221;alignment&#8221;:&#8221;&#8221;}},&#8221;section_jAtK3&#8243;:{&#8220;component&#8221;:&#8221;hc_section&#8221;,&#8221;id&#8221;:&#8221;section_jAtK3&#8243;,&#8221;section_width&#8221;:&#8221;&#8221;,&#8221;animation&#8221;:&#8221;&#8221;,&#8221;animation_time&#8221;:&#8221;&#8221;,&#8221;timeline_animation&#8221;:&#8221;&#8221;,&#8221;timeline_delay&#8221;:&#8221;&#8221;,&#8221;timeline_order&#8221;:&#8221;&#8221;,&#8221;vertical_row&#8221;:&#8221;&#8221;,&#8221;css_classes&#8221;:&#8221;&#8221;,&#8221;custom_css_classes&#8221;:&#8221;&#8221;,&#8221;custom_css_styles&#8221;:&#8221;&#8221;,&#8221;section_content&#8221;:[{&#8220;component&#8221;:&#8221;hc_column&#8221;,&#8221;id&#8221;:&#8221;column_k47AJ&#8221;,&#8221;column_width&#8221;:&#8221;col-md-12&#8243;,&#8221;animation&#8221;:&#8221;&#8221;,&#8221;animation_time&#8221;:&#8221;&#8221;,&#8221;timeline_animation&#8221;:&#8221;&#8221;,&#8221;timeline_delay&#8221;:&#8221;&#8221;,&#8221;timeline_order&#8221;:&#8221;&#8221;,&#8221;css_classes&#8221;:&#8221;&#8221;,&#8221;custom_css_classes&#8221;:&#8221;&#8221;,&#8221;custom_css_styles&#8221;:&#8221;&#8221;,&#8221;main_content&#8221;:[{&#8220;component&#8221;:&#8221;hc_subtitle&#8221;,&#8221;id&#8221;:&#8221;AGgHA&#8221;,&#8221;css_classes&#8221;:&#8221;&#8221;,&#8221;custom_css_classes&#8221;:&#8221;&#8221;,&#8221;custom_css_styles&#8221;:&#8221;&#8221;,&#8221;title&#8221;:&#8221;LEGENDA O KLEKU&#8221;,&#8221;subtitle&#8221;:&#8221;Tko se prvi uspeo na vrh Kleka danas je to nemogu\u0107e utvrditi&#8221;,&#8221;alignment&#8221;:&#8221;&#8221;},{&#8220;component&#8221;:&#8221;hc_text_block&#8221;,&#8221;id&#8221;:&#8221;jaooB&#8221;,&#8221;css_classes&#8221;:&#8221;&#8221;,&#8221;custom_css_classes&#8221;:&#8221;&#8221;,&#8221;custom_css_styles&#8221;:&#8221;&#8221;,&#8221;content&#8221;:&#8221;Klek (1181 m n\/m) je planina izdvojena iz masiva Velike Kapele kojoj pripada. U svojoj blizini nema vrhunaca koji bi s ikoje strane ometali veli\u010danstven pogled na nju i isto takav vidik s nje. Svojom nevelikom visinom u odnosu na podno\u017eje ogulinskog kraja (oko 300 m) doima se znatno vi\u0161om nego \u0161to ustvari jeste. Svojim oblikom i vr\u0161nom stijenom koja izrasta u okomitu 200 metara kamenitu glavu, te siluetom \u010dovjeka u le\u017ee\u0107em polo\u017eaju s pomalo skvr\u010denim nogama i uzdignutim stopalima, \u0161to su ustvari stijene zvane Kle\u010dice (1062m), Klek doista raspaljuje ljudsku ma\u0161tu. On je posebno dojmljiv i strahopo\u0161tovanja vrijedan kada vr\u0161nu stijenu prekriju tmasti oblaci u kojima sijevaju munje, a gromovi trije\u0161te ogulinskim krajem. Razumljivo je da obi\u010dan narod ovoga kraja koji je mukotrpno radio u pro\u0161losti da bi osigurao kakav takav \u017eivot sebi i svojoj porodici nije imao nikakvih poriva ni vremena da se bespu\u0107em penje na Klek i u\u017eiva u veli\u010danstvenim vizurama, a nije znano koliko je to u davna vremena moglo za pojedinca biti pogibeljno. Ivan Valvazor, poznati povjesni\u010dar i putopisac iz 17. vijeka opisuje Klek kao istaknuti vrh poznat u narodu po pri\u010dama o kle\u010dkim vje\u0161ticama. Stotinu godina nakon Valvazora proputovao je ovim krajevima na svome konji\u0107u francuski u\u010denjak Baltasar Hacquet koji u svojoj knjizi Plantae carniolicae 1782.g. spominje neke rijetke biljke ubrane na Kleku. Izgleda da je on prvi istra\u017eiva\u010d Kleka, ali na samom vrhu vjerojatno nije bio \u0161to se mo\u017ee zaklju\u010diti iz njegove knjige Oryctographia carniolica, gdje tvrdi da je uspon na vrh nemogu\u0107 radi neprolaznih stijena. Tko se prvi uspeo na vrh Kleka danas je to nemogu\u0107e utvrditi. Najstariji spomen na\u0111en u literaturi odnosi se na saskog kralja Fridricha Augusta II, poznatog amatera botani\u010dara koji se 1838. godine uspeo na Klek obilaze\u0107i hrvatske planine u pratnji ogulinskog \u010dasnika Josipa Jela\u010di\u0107a, kasnijeg hrvatskog bana. Toliko od ono malo postoje\u0107ih povijesnih crtica, ali mnoge legende i pri\u010de o Kleku sna\u017eno \u017eive u ogulinskom kraju. Najzanimljivije je da narod uvijek na\u0111e rje\u0161enje za ono \u0161to mu je nedostupno i nepoznato, pa se obilato slu\u017ei izmi\u0161ljanjem i prepri\u010davanjem.&#8221;},{&#8220;component&#8221;:&#8221;hc_title_tag&#8221;,&#8221;id&#8221;:&#8221;joeVF&#8221;,&#8221;css_classes&#8221;:&#8221;&#8221;,&#8221;custom_css_classes&#8221;:&#8221;&#8221;,&#8221;custom_css_styles&#8221;:&#8221;&#8221;,&#8221;text&#8221;:&#8221;&#8221;,&#8221;tag&#8221;:&#8221;h2&#8243;},{&#8220;component&#8221;:&#8221;hc_image&#8221;,&#8221;id&#8221;:&#8221;RSKoA&#8221;,&#8221;css_classes&#8221;:&#8221;&#8221;,&#8221;custom_css_classes&#8221;:&#8221;&#8221;,&#8221;custom_css_styles&#8221;:&#8221;&#8221;,&#8221;image&#8221;:&#8221;https:\/\/hpdklek.hr\/hpd\/wp-content\/uploads\/2020\/12\/83495401_10219618449346145_2505839488496828416_o-1024&#215;576.jpg|1126|2002|990101264&#8243;,&#8221;alt&#8221;:&#8221;&#8221;,&#8221;thumb_size&#8221;:&#8221;full&#8221;},{&#8220;component&#8221;:&#8221;hc_subtitle&#8221;,&#8221;id&#8221;:&#8221;voVZd&#8221;,&#8221;css_classes&#8221;:&#8221;&#8221;,&#8221;custom_css_classes&#8221;:&#8221;&#8221;,&#8221;custom_css_styles&#8221;:&#8221;&#8221;,&#8221;title&#8221;:&#8221;&#8221;,&#8221;subtitle&#8221;:&#8221;&#8221;,&#8221;alignment&#8221;:&#8221;&#8221;},{&#8220;component&#8221;:&#8221;hc_subtitle&#8221;,&#8221;id&#8221;:&#8221;H2uUi&#8221;,&#8221;css_classes&#8221;:&#8221;&#8221;,&#8221;custom_css_classes&#8221;:&#8221;&#8221;,&#8221;custom_css_styles&#8221;:&#8221;&#8221;,&#8221;title&#8221;:&#8221; Ivanje&#8221;,&#8221;subtitle&#8221;:&#8221;Ivan-dan&#8221;,&#8221;alignment&#8221;:&#8221;&#8221;},{&#8220;component&#8221;:&#8221;hc_text_block&#8221;,&#8221;id&#8221;:&#8221;uZBl2&#8243;,&#8221;css_classes&#8221;:&#8221;&#8221;,&#8221;custom_css_classes&#8221;:&#8221;&#8221;,&#8221;custom_css_styles&#8221;:&#8221;&#8221;,&#8221;content&#8221;:&#8221;Dan svetog Ivana Krstitelja ima druga\u010diju povijest, kao nekada izuzetan dan u na\u0161em starom slavenskom vjerovanju. Na taj su se dan, o ljetnom solsticiju palili krijesovi na obli\u017enjim bre\u017euljcima ponad naselja. Momci preskakuju vatru, prave se va\u017eni pred djevojkama. Seoske djevojke bacaju cvjetne vjen\u010di\u0107e prema vrhu krova ku\u0107e koji je od \u0161indre. Od mjesta gdje se vjen\u010di\u0107 zaustavio broje se redovi \u0161indre, pa koliko je redova nizvodno, toliko \u0107e godina djevojka jo\u0161 biti neudata. Ako vjen\u010di\u0107 padne s krova , djevojka \u0107e se ve\u0107 ove godine udati. No to je samo jedan dio pri\u010de. Na Ivan-dan se na Kleku skupljaju vje\u0161tice iz cijeloga svijeta, a sti\u017ee i Lucifer, glavni me\u0161tar. Gore se ple\u0161e vrzino kolo, pjeva se, veseli sve do jutra. Klekom odzvanja vriska i razlije\u017ee se cijelim ogulinskim krajem. Nije \u010dudo da se spominju takvi prizori, mora daje za prve ljetnje oluje slika gromova i grdnih obla\u010dina doista sli\u010dila vrzinu kolu i paklenskoj zabavi. Iako su ovo legende, istina nije bila daleko od jezivih pri\u010da. U muzeju grada Zagreba postoje sudski spisi o ispitivanju takozvanih vje\u0161tica koje su tu saslu\u0161avane. Te su \u017eene pod mukama priznavale da su letjele na Klek i plesale tamo s drugim .vje\u0161ticama. Nisu one letjele, ve\u0107 su upotrebljavale vje\u0161ti\u010dju mast koja se spravlja od na\u0161ih gorskih biljaka. Recept je sljede\u0107i: uberu se zreli plodovi velebilja (beladone). To su dosta krupne otrovne crne bobe. Izgnje\u010de se i pomije\u0161aju s maslacem ili svinjskom ma\u0161\u0107u, a njom se ma\u017eu prepone i pazuha. To zatim dovodi do halucinacija, i osoba ima osje\u0107aj da lebdi. Onda ni do vrha Kleka nije daleko. Nije preporu\u010dljivo probati, velebilje je uz jo\u0161 neke vrlo \u0161kodljive gorske biljke veoma otrovno. Ali pri\u010da ima jo\u0161. Nisu samo vje\u0161tice letjele na Klek. Neki je kova\u010d navodno namazao metlu i kolo kolovrata tom istom ma\u0161\u0107u i tako je poletio na Klek gdje se cijelu no\u0107 zabavljao s vje\u0161ticama. A postoji pri\u010da i daje neka baba iz Stativa pored Karlovca no\u0107u pretvarala svoga \u010dobana u konja i na njemu svake no\u0107i letjela na Klek. Pa kako je izdr\u017eao jadan? Najzanimljivije je da spomenuti Valvazor ostavlja traga o tim narodnim pri\u010dama, pa \u010dak na kraju dodaje da je to mo\u017eda i istina!? Pri\u010dama oko Kleka nije odolio ni Dragutin Hirc. Evo \u0161to je \u010duo od ljudi ogulinskog kraja: Me\u0111u gri\u010dem i planinama ima zmija, me\u0111u kojima se osobito isti\u010de pepelju\u0161a, koju zovu kruna\u0161ica. Ovu je zmiju jedan seljak ovako opisao: pogana je to zmija, ima \u0161iroku glavu, na njoj \u010dunj ka svinja i pisasta je. Vukeli\u0107 Mile iz Vukeli\u0107 varo\u0161a ubio je jednu takovu zmiju koja je poslije toga \u017eivjela jo\u0161 tri dana. Kad je zmija istrunila imala je rebra kao ovca, a glavu kao gove\u010de. Neki je seljak vidio zmiju kako puzi od Kla\u010dnice u Janja Goru. Bila je kao greda velika i kao sto\u017eina debela (\u0161to \u0107e re\u0107i da su nekad u ogulinskom kraju doista \u017eivjeli veliki gu\u017eevi kakvi se sad vide samo uz priobalje, opaska pisca \u010dlanka). Mile Kurte\u0161 vidio je jednom zgodom u uzanom \u0161umskom prodolu gdje je pasao koze do stotine zmija. Jedna najve\u0107a, re\u010de, sigurno bija\u0161e mati, imala je glavu kao pa\u0161\u010de. Druge manje bile su jednake i kao \u0161tap debele. Toliko bilje\u017ei Hirc.&#8221;},{&#8220;component&#8221;:&#8221;hc_image&#8221;,&#8221;id&#8221;:&#8221;5sofI&#8221;,&#8221;css_classes&#8221;:&#8221;&#8221;,&#8221;custom_css_classes&#8221;:&#8221;&#8221;,&#8221;custom_css_styles&#8221;:&#8221;&#8221;,&#8221;image&#8221;:&#8221;https:\/\/hpdklek.hr\/hpd\/wp-content\/uploads\/2022\/04\/IMG_20210224_170524_resize_resize.jpg|684|912|990101495&#8243;,&#8221;alt&#8221;:&#8221;&#8221;,&#8221;thumb_size&#8221;:&#8221;full&#8221;}]},{&#8220;component&#8221;:&#8221;hc_column&#8221;,&#8221;id&#8221;:&#8221;column_wz34H&#8221;,&#8221;column_width&#8221;:&#8221;col-md-12&#8243;,&#8221;animation&#8221;:&#8221;&#8221;,&#8221;animation_time&#8221;:&#8221;&#8221;,&#8221;timeline_animation&#8221;:&#8221;&#8221;,&#8221;timeline_delay&#8221;:&#8221;&#8221;,&#8221;timeline_order&#8221;:&#8221;&#8221;,&#8221;css_classes&#8221;:&#8221;&#8221;,&#8221;custom_css_classes&#8221;:&#8221;&#8221;,&#8221;custom_css_styles&#8221;:&#8221;&#8221;,&#8221;main_content&#8221;:[{&#8220;component&#8221;:&#8221;hc_subtitle&#8221;,&#8221;id&#8221;:&#8221;OR5bv&#8221;,&#8221;css_classes&#8221;:&#8221;&#8221;,&#8221;custom_css_classes&#8221;:&#8221;&#8221;,&#8221;custom_css_styles&#8221;:&#8221;&#8221;,&#8221;title&#8221;:&#8221;&#8221;,&#8221;subtitle&#8221;:&#8221;&#8221;,&#8221;alignment&#8221;:&#8221;&#8221;},{&#8220;component&#8221;:&#8221;hc_subtitle&#8221;,&#8221;id&#8221;:&#8221;N2MkN&#8221;,&#8221;css_classes&#8221;:&#8221;&#8221;,&#8221;custom_css_classes&#8221;:&#8221;&#8221;,&#8221;custom_css_styles&#8221;:&#8221;&#8221;,&#8221;title&#8221;:&#8221;Kako je nastao Klek? &#8220;,&#8221;subtitle&#8221;:&#8221; Kle\u010dka se stijena svake stoljetnice otvara&#8221;,&#8221;alignment&#8221;:&#8221;&#8221;},{&#8220;component&#8221;:&#8221;hc_text_block&#8221;,&#8221;id&#8221;:&#8221;kEmjR&#8221;,&#8221;css_classes&#8221;:&#8221;&#8221;,&#8221;custom_css_classes&#8221;:&#8221;&#8221;,&#8221;custom_css_styles&#8221;:&#8221;&#8221;,&#8221;content&#8221;:&#8221;Odgovor je narod ogulinskog kraja zadivljuju\u0107e rije\u0161io. Klek je bio jedan od na\u0161ih starih slavenskih bogova. Pomalo se vrzmao oko \u017eene Perunove, a taj ga je silnik po\u010deo goniti. Klek je bje\u017eao, sve se vi\u0161e umarao i na mjestu dana\u0161nje planine Perun ga je sustigao i strijelom pogodio u nogu. Od umora i boli, a posebno od straha Klek je pao i skamenio se. Otud lik Kleka kome se vidi glava, skvr\u010dene noge i uzdignuta stopala, one spomenute stijene Kle\u010dice. Od krvi koja je isticala iz Klekove noge nastao je Kle\u010dki potok. Taj potok nikada ne presu\u0161uje. Ima \u010detiri imena. U vr\u0161nome dijelu podno stijene Kleka naziva se Kle\u010dki potok, u srednjem dijelu gusto obra\u0161ten \u0161umom bukve zove se Crni potok, a u donjem dijelu Rakov ili Marin potok. Ulijeva se u rje\u010dicu Vitunj\u010dicu. Jo\u0161 i danas u njemu obitava poto\u010dna pastrva i poto\u010dni rak. Taj potok do sela Turkovi\u0107a ima status pitke vode, \u0161to je razumljivo, jer rak i pastrva \u017eive samo u vodama prve kategorije. Tko \u017eeli do srednjeg dijela Kle\u010dkog potoka mora se spustiti nemarkiranim, ali zadivljuju\u0107im spustom od doma na Kleku preko Kle\u010dke velike \u0161pilje u onaj predio koji je gusto obrastao bukovom \u0161umom. Tu potok ima brojne slapove visine do dva i tri metra, podno kojih su predivna mala jezerca. Pravi je u\u017eitak ljeti, kad ste znojni od napora, skinuti sve sa sebe i u onoj prirodi stati kao od majke ro\u0111eni podno slapa koji vas velikom koli\u010dinom vode zalijeva i pere, a onda se odmarati le\u017ee\u0107i na \u0161ljunkovitoj obali i sanjariti u prekrasnoj \u0161umskoj ti\u0161ini i uspavljuju\u0107em \u0161umu slapa.\\n       Narod se kune svim i sva\u010dim da je istinita sljede\u0107a narodna legenda koja glasi: Kle\u010dka se stijena svake stoljetnice otvara. U otvoru stijene nalazi se hrpa dukata, na njoj spava sklup\u010dana zmija. Na\u0111e li se koji hrabar momak i poljubi zmiju, ona \u0107e se istog trenutka pretvoriti u prekrasnu djevojku, voljnu da se uda za tog mladi\u0107a. Hrpa dukata bit \u0107e dakle stogodi\u0161nji miraz svakom hrabrom mladi\u0107u. I ja sam do\u017eivio okruglu stoljetnicu, na\u017ealost nisam vi\u0161e bio mladi\u0107 pa nisam ni imao izgleda da se o\u017eenim!\\n&#8221;},{&#8220;component&#8221;:&#8221;hc_image&#8221;,&#8221;id&#8221;:&#8221;5ZtkF&#8221;,&#8221;css_classes&#8221;:&#8221;&#8221;,&#8221;custom_css_classes&#8221;:&#8221;&#8221;,&#8221;custom_css_styles&#8221;:&#8221;&#8221;,&#8221;image&#8221;:&#8221;https:\/\/hpdklek.hr\/hpd\/wp-content\/uploads\/2020\/12\/DSC_0380_resize-1024&#215;683.jpg|1707|2560|990101267&#8243;,&#8221;alt&#8221;:&#8221;&#8221;,&#8221;thumb_size&#8221;:&#8221;full&#8221;},{&#8220;component&#8221;:&#8221;hc_subtitle&#8221;,&#8221;id&#8221;:&#8221;kIea2&#8243;,&#8221;css_classes&#8221;:&#8221;&#8221;,&#8221;custom_css_classes&#8221;:&#8221;&#8221;,&#8221;custom_css_styles&#8221;:&#8221;&#8221;,&#8221;title&#8221;:&#8221;&#8221;,&#8221;subtitle&#8221;:&#8221;&#8221;,&#8221;alignment&#8221;:&#8221;&#8221;},{&#8220;component&#8221;:&#8221;hc_subtitle&#8221;,&#8221;id&#8221;:&#8221;ClLNv&#8221;,&#8221;css_classes&#8221;:&#8221;&#8221;,&#8221;custom_css_classes&#8221;:&#8221;&#8221;,&#8221;custom_css_styles&#8221;:&#8221;&#8221;,&#8221;title&#8221;:&#8221;Vile planinkinje, lijepe \u017eene obu\u010dene u bijele haljine&#8221;,&#8221;subtitle&#8221;:&#8221;&#8230;samo ih ne smijemo slijediti&#8221;,&#8221;alignment&#8221;:&#8221;&#8221;},{&#8220;component&#8221;:&#8221;hc_text_block&#8221;,&#8221;id&#8221;:&#8221;84rod&#8221;,&#8221;css_classes&#8221;:&#8221;&#8221;,&#8221;custom_css_classes&#8221;:&#8221;&#8221;,&#8221;custom_css_styles&#8221;:&#8221;&#8221;,&#8221;content&#8221;:&#8221;Susjeda pisca ovog \u010dlanka, Ru\u017ea iz Skrade pored Saborskog ispri\u010dala je sljede\u0107u pri\u010du: Neka je zmija ujedala blago na pa\u0161njacima i blago je ugibalo. Ljudi se dado\u0161e u potragu, na\u0111o\u0161e zmiju i odsjeko\u0161e joj glavu. Me\u0111utim i dalje je blago ugibalo. Sljede\u0107om potragom na\u0111o\u0161e zmijinu glavu u odba\u010denom rogu iz kojeg je i dalje napadala blago. Ru\u017ea se kune u sve svece da je to istina. I to bi bio kraj pri\u010da i legendi oko Kleka, a ipak je zanimljivo da ne postoje narodni prikazi vje\u0161tica u ru\u017enome svjetlu, moglo bi se re\u0107i ba\u0161 suprotno. Isto tako pri\u010da se da postoje jo\u0161 i vile planinkinje, lijepe \u017eene obu\u010dene u bijele haljine, sa sposobno\u0161\u0107u da lete. One rado poma\u017eu ljudima, samo ih ne smijemo slijediti, jer ako bi bile otkrivene u obitavali\u0161tu ljuto bi se osvetile i ga\u0111ale progonitelje svojim strijelama.\\n\\n\u010cesto sam bio domar na Kleku. U rano jutro, penju\u0107i se stazom u \u0161umi kroz jutarnju izmaglicu, vidio sam kako ne\u0161to prolije\u0107e kroz kro\u0161nje stabala. Brzo je nestalo i nisam mogao utvrditi \u0161to je. Jesu li bile vile, ne znam. Toliko od mene o \u010darobnom Kleku, do\u0111ite i do\u017eivite bar trun od svega!\\n \\nMiljenko Pave\u0161i\u0107\\n&#8221;},{&#8220;component&#8221;:&#8221;hc_image&#8221;,&#8221;id&#8221;:&#8221;VJdWs&#8221;,&#8221;css_classes&#8221;:&#8221;&#8221;,&#8221;custom_css_classes&#8221;:&#8221;&#8221;,&#8221;custom_css_styles&#8221;:&#8221;&#8221;,&#8221;image&#8221;:&#8221;https:\/\/hpdklek.hr\/hpd\/wp-content\/uploads\/2020\/12\/DSC_0372_resize-1024&#215;683.jpg|1707|2560|990101269&#8243;,&#8221;alt&#8221;:&#8221;&#8221;,&#8221;thumb_size&#8221;:&#8221;full&#8221;}]}],&#8221;section_settings&#8221;:{&#8220;component&#8221;:&#8221;hc_section_image&#8221;,&#8221;id&#8221;:&#8221;section-image&#8221;,&#8221;image&#8221;:&#8221;&#8221;,&#8221;full_screen&#8221;:false,&#8221;full_screen_height&#8221;:&#8221;&#8221;,&#8221;parallax&#8221;:true,&#8221;bleed&#8221;:&#8221;&#8221;,&#8221;ken_burn&#8221;:&#8221;ken-burn-out&#8221;,&#8221;bg_pos&#8221;:&#8221;&#8221;}},&#8221;section_hmDC7&#8243;:{&#8220;component&#8221;:&#8221;hc_section_two_blocks&#8221;,&#8221;id&#8221;:&#8221;section_hmDC7&#8243;,&#8221;section_width&#8221;:&#8221;&#8221;,&#8221;animation&#8221;:&#8221;&#8221;,&#8221;animation_time&#8221;:&#8221;&#8221;,&#8221;timeline_animation&#8221;:&#8221;&#8221;,&#8221;timeline_delay&#8221;:&#8221;&#8221;,&#8221;timeline_order&#8221;:&#8221;&#8221;,&#8221;vertical_row&#8221;:&#8221;&#8221;,&#8221;css_classes&#8221;:&#8221;&#8221;,&#8221;custom_css_classes&#8221;:&#8221;&#8221;,&#8221;custom_css_styles&#8221;:&#8221;&#8221;,&#8221;section_content&#8221;:[{&#8220;component&#8221;:&#8221;hc_column&#8221;,&#8221;id&#8221;:&#8221;column_FSjQA&#8221;,&#8221;column_width&#8221;:&#8221;col-md-10&#8243;,&#8221;animation&#8221;:&#8221;&#8221;,&#8221;animation_time&#8221;:&#8221;&#8221;,&#8221;timeline_animation&#8221;:&#8221;&#8221;,&#8221;timeline_delay&#8221;:&#8221;&#8221;,&#8221;timeline_order&#8221;:&#8221;&#8221;,&#8221;css_classes&#8221;:&#8221;&#8221;,&#8221;custom_css_classes&#8221;:&#8221;&#8221;,&#8221;custom_css_styles&#8221;:&#8221;&#8221;,&#8221;main_content&#8221;:[{&#8220;component&#8221;:&#8221;hc_subtitle&#8221;,&#8221;id&#8221;:&#8221;3EVqu&#8221;,&#8221;css_classes&#8221;:&#8221;&#8221;,&#8221;custom_css_classes&#8221;:&#8221;&#8221;,&#8221;custom_css_styles&#8221;:&#8221;&#8221;,&#8221;title&#8221;:&#8221;LEGENDA O KLEKU&#8221;,&#8221;subtitle&#8221;:&#8221;&#8221;,&#8221;alignment&#8221;:&#8221;&#8221;}]}],&#8221;custom_content&#8221;:[{&#8220;component&#8221;:&#8221;hc_column&#8221;,&#8221;id&#8221;:&#8221;column_1pC4H&#8221;,&#8221;column_width&#8221;:&#8221;col-md-10&#8243;,&#8221;animation&#8221;:&#8221;&#8221;,&#8221;animation_time&#8221;:&#8221;&#8221;,&#8221;timeline_animation&#8221;:&#8221;&#8221;,&#8221;timeline_delay&#8221;:&#8221;&#8221;,&#8221;timeline_order&#8221;:&#8221;&#8221;,&#8221;css_classes&#8221;:&#8221;&#8221;,&#8221;custom_css_classes&#8221;:&#8221;&#8221;,&#8221;custom_css_styles&#8221;:&#8221;&#8221;,&#8221;main_content&#8221;:[{&#8220;component&#8221;:&#8221;hc_subtitle&#8221;,&#8221;id&#8221;:&#8221;TDFEv&#8221;,&#8221;css_classes&#8221;:&#8221;&#8221;,&#8221;custom_css_classes&#8221;:&#8221;&#8221;,&#8221;custom_css_styles&#8221;:&#8221;&#8221;,&#8221;title&#8221;:&#8221;Kako je nastao Klek? &#8220;,&#8221;subtitle&#8221;:&#8221;&#8221;,&#8221;alignment&#8221;:&#8221;&#8221;}]}],&#8221;image&#8221;:&#8221;&#8221;,&#8221;inverse&#8221;:false,&#8221;full&#8221;:false,&#8221;video&#8221;:&#8221;&#8221;,&#8221;parallax&#8221;:false},&#8221;scripts&#8221;:{&#8220;parallax&#8221;:&#8221;parallax.min.js&#8221;},&#8221;css&#8221;:{},&#8221;css_page&#8221;:&#8221;&#8221;,&#8221;template_setting&#8221;:{},&#8221;template_setting_top&#8221;:{},&#8221;page_setting&#8221;:{&#8220;settings&#8221;:[&#8220;lock-mode-off&#8221;]}}<\/p>\n","protected":false},"excerpt":{"rendered":"<p>{&#8220;main-title&#8221;:{&#8220;component&#8221;:&#8221;hc_title&#8221;,&#8221;id&#8221;:&#8221;main-title&#8221;,&#8221;title&#8221;:&#8221;&#8221;,&#8221;subtitle&#8221;:&#8221;Toliko od mene o \u010darobnom Kleku, do\u0111ite i do\u017eivite bar trun od svega!&#8221;,&#8221;title_content&#8221;:{&#8220;component&#8221;:&#8221;hc_title_image&#8221;,&#8221;id&#8221;:&#8221;title-image&#8221;,&#8221;image&#8221;:&#8221;https:\/\/hpdklek.hr\/hpd\/wp-content\/uploads\/2020\/12\/20190126_141950-1024&#215;768.jpg|1920|2560|990101262&#8243;,&#8221;full_screen&#8221;:false,&#8221;full_screen_height&#8221;:&#8221;&#8221;,&#8221;parallax&#8221;:false,&#8221;bleed&#8221;:&#8221;&#8221;,&#8221;ken_burn&#8221;:&#8221;ken-burn-center&#8221;,&#8221;breadcrumbs&#8221;:true,&#8221;light&#8221;:true,&#8221;alignment&#8221;:&#8221;&#8221;}},&#8221;section_jAtK3&#8243;:{&#8220;component&#8221;:&#8221;hc_section&#8221;,&#8221;id&#8221;:&#8221;section_jAtK3&#8243;,&#8221;section_width&#8221;:&#8221;&#8221;,&#8221;animation&#8221;:&#8221;&#8221;,&#8221;animation_time&#8221;:&#8221;&#8221;,&#8221;timeline_animation&#8221;:&#8221;&#8221;,&#8221;timeline_delay&#8221;:&#8221;&#8221;,&#8221;timeline_order&#8221;:&#8221;&#8221;,&#8221;vertical_row&#8221;:&#8221;&#8221;,&#8221;css_classes&#8221;:&#8221;&#8221;,&#8221;custom_css_classes&#8221;:&#8221;&#8221;,&#8221;custom_css_styles&#8221;:&#8221;&#8221;,&#8221;section_content&#8221;:[{&#8220;component&#8221;:&#8221;hc_column&#8221;,&#8221;id&#8221;:&#8221;column_k47AJ&#8221;,&#8221;column_width&#8221;:&#8221;col-md-12&#8243;,&#8221;animation&#8221;:&#8221;&#8221;,&#8221;animation_time&#8221;:&#8221;&#8221;,&#8221;timeline_animation&#8221;:&#8221;&#8221;,&#8221;timeline_delay&#8221;:&#8221;&#8221;,&#8221;timeline_order&#8221;:&#8221;&#8221;,&#8221;css_classes&#8221;:&#8221;&#8221;,&#8221;custom_css_classes&#8221;:&#8221;&#8221;,&#8221;custom_css_styles&#8221;:&#8221;&#8221;,&#8221;main_content&#8221;:[{&#8220;component&#8221;:&#8221;hc_subtitle&#8221;,&#8221;id&#8221;:&#8221;AGgHA&#8221;,&#8221;css_classes&#8221;:&#8221;&#8221;,&#8221;custom_css_classes&#8221;:&#8221;&#8221;,&#8221;custom_css_styles&#8221;:&#8221;&#8221;,&#8221;title&#8221;:&#8221;LEGENDA O KLEKU&#8221;,&#8221;subtitle&#8221;:&#8221;Tko se prvi uspeo na vrh Kleka danas je to nemogu\u0107e utvrditi&#8221;,&#8221;alignment&#8221;:&#8221;&#8221;},{&#8220;component&#8221;:&#8221;hc_text_block&#8221;,&#8221;id&#8221;:&#8221;jaooB&#8221;,&#8221;css_classes&#8221;:&#8221;&#8221;,&#8221;custom_css_classes&#8221;:&#8221;&#8221;,&#8221;custom_css_styles&#8221;:&#8221;&#8221;,&#8221;content&#8221;:&#8221;Klek (1181 m n\/m) je planina izdvojena iz masiva Velike Kapele kojoj pripada. U svojoj blizini nema vrhunaca koji bi s ikoje strane ometali veli\u010danstven pogled na nju i isto [&hellip;]<\/p>\n","protected":false},"author":1,"featured_media":0,"parent":0,"menu_order":0,"comment_status":"closed","ping_status":"closed","template":"","meta":[],"_links":{"self":[{"href":"https:\/\/hpdklek.hr\/hpd\/index.php?rest_route=\/wp\/v2\/pages\/7"}],"collection":[{"href":"https:\/\/hpdklek.hr\/hpd\/index.php?rest_route=\/wp\/v2\/pages"}],"about":[{"href":"https:\/\/hpdklek.hr\/hpd\/index.php?rest_route=\/wp\/v2\/types\/page"}],"author":[{"embeddable":true,"href":"https:\/\/hpdklek.hr\/hpd\/index.php?rest_route=\/wp\/v2\/users\/1"}],"replies":[{"embeddable":true,"href":"https:\/\/hpdklek.hr\/hpd\/index.php?rest_route=%2Fwp%2Fv2%2Fcomments&post=7"}],"version-history":[{"count":25,"href":"https:\/\/hpdklek.hr\/hpd\/index.php?rest_route=\/wp\/v2\/pages\/7\/revisions"}],"predecessor-version":[{"id":990101496,"href":"https:\/\/hpdklek.hr\/hpd\/index.php?rest_route=\/wp\/v2\/pages\/7\/revisions\/990101496"}],"wp:attachment":[{"href":"https:\/\/hpdklek.hr\/hpd\/index.php?rest_route=%2Fwp%2Fv2%2Fmedia&parent=7"}],"curies":[{"name":"wp","href":"https:\/\/api.w.org\/{rel}","templated":true}]}}